390.
2, 5, 139
List the prime factors of 87679.
87679
What are the prime factors of 1812?
2, 3, 151
What are the prime factors of 76122?
2, 3, 4229
What are the prime factors of 1198?
2, 599
What are the prime factors of 15851?
11, 131
What are the prime factors of 37039?
37039
List the prime factors of 19625.
5, 157
What are the prime factors of 3264?
2, 3, 17
What are the prime factors of 545?
5, 109
List the prime factors of 9269.
13, 23, 31
What are the prime factors of 82001?
43, 1907
List the prime factors of 32036.
2, 8009
List the prime factors of 35814.
2, 3, 47, 127
What are the prime factors of 772?
2, 193
List the prime factors of 11496.
2, 3, 479
List the prime factors of 22021.
19, 61
List the prime factors of 310.
2, 5, 31
What are the prime factors of 40115?
5, 71, 113
List the prime factors of 10826.
2, 5413
What are the prime factors of 7236?
2, 3, 67
List the prime factors of 31962.
2, 3, 7, 761
List the prime factors of 816.
2, 3, 17
What are the prime factors of 25?
5
List the prime factors of 8572.
2, 2143
What are the prime factors of 478?
2, 239
What are the prime factors of 2815?
5, 563
List the prime factors of 1890.
2, 3, 5, 7
What are the prime factors of 3961?
17, 233
What are the prime factors of 11651?
61, 191
What are the prime factors of 4651?
4651
What are the prime factors of 15627?
3, 5209
What are the prime factors of 870?
2, 3, 5, 29
What are the prime factors of 12833?
41, 313
What are the prime factors of 961?
31
What are the prime factors of 141?
3, 47
List the prime factors of 29246.
2, 7, 2089
List the prime factors of 841.
29
List the prime factors of 1361.
1361
List the prime factors of 59533.
37, 1609
What are the prime factors of 476?
2, 7, 17
What are the prime factors of 3123?
3, 347
What are the prime factors of 27427?
27427
What are the prime factors of 1332?
2, 3, 37
What are the prime factors of 1008?
2, 3, 7
List the prime factors of 3577.
7, 73
List the prime factors of 19812.
2, 3, 13, 127
What are the prime factors of 25424?
2, 7, 227
List the prime factors of 1059.
3, 353
List the prime factors of 337.
337
List the prime factors of 991.
991
List the prime factors of 12586.
2, 7, 29, 31
List the prime factors of 5986.
2, 41, 73
What are the prime factors of 2818?
2, 1409
List the prime factors of 74567.
74567
List the prime factors of 26432.
2, 7, 59
List the prime factors of 4310.
2, 5, 431
List the prime factors of 144877.
23, 6299
List the prime factors of 1460.
2, 5, 73
What are the prime factors of 47539?
137, 347
List the prime factors of 10044.
2, 3, 31
List the prime factors of 5237.
5237
What are the prime factors of 186?
2, 3, 31
What are the prime factors of 14933?
109, 137
List the prime factors of 6182.
2, 11, 281
What are the prime factors of 27311?
31, 881
List the prime factors of 54252.
2, 3, 11, 137
List the prime factors of 14586.
2, 3, 11, 13, 17
List the prime factors of 2223.
3, 13, 19
What are the prime factors of 7339?
41, 179
What are the prime factors of 11896?
2, 1487
List the prime factors of 9533.
9533
List the prime factors of 3732.
2, 3, 311
List the prime factors of 106.
2, 53
List the prime factors of 337.
337
List the prime factors of 18954.
2, 3, 13
What are the prime factors of 10687?
10687
List the prime factors of 75569.
13, 5813
List the prime factors of 691.
691
What are the prime factors of 13077?
3, 1453
What are the prime factors of 167628?
2, 3, 61, 229
List the prime factors of 45999.
3, 19, 269
List the prime factors of 9503.
13, 17, 43
List the prime factors of 6280.
2, 5, 157
What are the prime factors of 23444?
2, 5861
What are the prime factors of 17219?
67, 257
List the prime factors of 87357.
3, 37, 787
List the prime factors of 4635.
3, 5, 103
List the prime factors of 1801.
1801
List the prime factors of 1356.
2, 3, 113
What are the prime factors of 3848?
2, 13, 37
List the prime factors of 3310.
2, 5, 331
What are the prime factors of 16230?
2, 3, 5, 541
What are the prime factors of 86426?
2, 79, 547
List the prime factors of 3333.
3, 11, 101
List the prime factors of 252.
2, 3, 7
What are the prime factors of 71729?
7, 10247
What are the prime factors of 2815?
5, 563
What are the prime factors of 8550?
2, 3, 5, 19
List the prime factors of 50960.
2, 5, 7, 13
What are the prime factors of 59033?
13, 19, 239
List the prime factors of 1792.
2, 7
List the prime factors of 99.
3, 11
List the prime factors of 26899.
37, 727
List the prime factors of 3582.
2, 3, 199
What are the prime factors of 1999?
1999
What are the prime factors of 41280?
2, 3, 5, 43
What are the prime factors of 312?
2, 3, 13
What are the prime factors of 23124?
2, 3, 41, 47
What are the prime factors of 6393?
3, 2131
List the prime factors of 167527.
233, 719
List the prime factors of 15304.
2, 1913
List the prime factors of 823.
823
List the prime factors of 408.
2, 3, 17
List the prime factors of 22248.
2, 3, 103
List the prime factors of 58.
2, 29
What are the prime factors of 434?
2, 7, 31
What are the prime factors of 1658?
2, 829
What are the prime factors of 731?
17, 43
List the prime factors of 92647.
92647
What are the prime factors of 1377?
3, 17
List the prime factors of 1074.
2, 3, 179
List the prime factors of 945.
3, 5, 7
List the prime factors of 79739.
11, 659
List the prime factors of 8358.
2, 3, 7, 199
List the prime factors of 2636.
2, 659
What are the prime factors of 5771?
29, 199
List the prime factors of 7304.
2, 11, 83
What are the prime factors of 34419?
3, 7, 11, 149
What are the prime factors of 2170?
2, 5, 7, 31
What are the prime factors of 4031?
29, 139
What are the prime factors of 466?
2, 233
List the prime factors of 7596.
2, 3, 211
List the prime factors of 51.
3, 17
What are the prime factors of 10064?
2, 17, 37
List the prime factors of 959.
7, 137
What are the prime factors of 81094?
2, 13, 3119
List the prime factors of 52419.
3, 101, 173
What are the prime factors of 3121?
3121
List the prime factors of 812.
2, 7, 29
List the prime factors of 15330.
2, 3, 5, 7, 73
List the prime factors of 323.
17, 19
List the prime factors of 152774.
2, 76387
List the prime factors of 676.
2, 13
List the prime factors of 8625.
3, 5, 23
List the prime factors of 3897.
3, 433
List the prime factors of 1591.
37, 43
What are the prime factors of 2491?
47, 53
What are the prime factors of 11312?
2, 7, 101
List the prime factors of 66350.
2, 5, 1327
What are the prime factors of 4136?
2, 11, 47
List the prime factors of 25464.
2, 3, 1061
List the prime factors of 62844.
2, 3, 5237
What are the prime factors of 239?
239
What are the prime factors of 21496?
2, 2687
List the prime factors of 564.
2, 3, 47
List the prime factors of 58201.
11, 13, 37
What are the prime factors of 51040?
2, 5, 11, 29
What are the prime factors of 291?
3, 97
List the prime factors of 301.
7, 43
What are the prime factors of 151314?
2, 3, 25219
List the prime factors of 33694.
2, 17, 991
What are the prime factors of 41513?
41513
List the prime factors of 943.
23, 41
List the prime factors of 38547.
3, 4283
What are the prime factors of 5172?
2, 3, 431
List the prime factors of 84.
2, 3, 7
List the prime factors of 304.
2, 19
What are the prime factors of 2004?
2, 3, 167
List the prime factors of 194.
2, 97
List the prime factors of 3984.
2, 3, 83
What are the prime factors of 62746?
2, 137, 229
What are the prime factors of 3280?
2, 5, 41
List the prime factors of 2709.
3, 7, 43
List the prime factors of 61595.
5, 97, 127
List the prime factors of 25742.
2, 61, 211
List the prime factors of 459.
3, 17
What are the prime factors of 284?
2, 71
What are the prime factors of 35398?
2, 11, 1609
List the prime factors of 75453.
3, 7, 3593
List the prime factors of 45359.
67, 677
List the prime factors of 10903.
10903
List the prime factors of 4819.
61, 79
List the prime factors of 153116.
2, 101, 379
What are the prime factors of 7967?
31, 257
List the prime factors of 11076.
2, 3, 13, 71
List the prime factors of 11332.
2, 2833
What are the prime factors of 13913?
13913
List the prime factors of 2858.
2, 1429
List the prime factors of 17627.
17627
What are the prime factors of 31915?
5, 13, 491
What are the prime factors of 4585?
5, 7, 131
List the prime factors of 603.
3,